divided by 6.
3
Suppose 8 + 11 = l. What is the remainder when l is divided by 10?
9
Let w(h) = 3*h. Suppose 0*c = 2*c. Let a(x) = x**3 + x + 46. What is the remainder when a(c) is divided by w(4)?
10
Suppose -2*n + 5*z = 0, -5*n - 4*z = 11 - 77. Calculate the remainder when 59 is divided by n.
9
Suppose -3*c + 0*c = -78. Suppose -3*n = x - 2*n - 7, 0 = 5*x - 5*n - 25. Let t(r) = r**3 - 6*r**2 + 2*r + 2. Calculate the remainder when c is divided by t(x).
12
What is the remainder when 93 is divided by -5 - -3 - (-3 - 23)?
21
What is the remainder when 32 is divided by (-8)/(-12) - (-68)/6?
8
Let r = 5 + -5. Suppose r*i + 50 = 5*i. Calculate the remainder when 29 is divided by i.
9
Suppose -3*s - 5*i = -7, -5*s = 5*i - 0 - 25. Let c(l) = -l**2 + 10*l - 8. Let w = 8 - 6. Calculate the remainder when w is divided by c(s).
0
Suppose 13 = -2*j + 107. What is the remainder when 139 is divided by j?
45
Let t = -13 - -19. Calculate the remainder when 14 is divided by t.
2
Let v = -137 - -170. Let r(c) = -9*c - 1. What is the remainder when v is divided by r(-2)?
16
Suppose -4*g = -152 - 28. Calculate the remainder when g is divided by 24.
21
Let b = 7 - 2. Suppose -j + 24 = 4*t - 9, 0 = 3*j - 15. Calculate the remainder when t is divided by b.
2
Let u = 133 + 214. Calculate the remainder when u is divided by 35.
32
Let z be -6*((-3)/3 + 0). Suppose 3*g - z = -0. What is the remainder when 3 is divided by g?
1
Suppose -2*r + 178 - 19 = -5*f, -4*r = 2*f - 354. Let g be (3 - 1)/(1/2). Suppose -r = i - g*i. What is the remainder when i is divided by 10?
9
Let g = -79 - -102. Calculate the remainder when 68 is divided by g.
22
Let i(j) = 15*j - 18. What is the remainder when i(8) is divided by 26?
24
Suppose -60 = -3*f + 3*d, -6*f = -f + 3*d - 100. Calculate the remainder when 78 is divided by f.
18
Suppose -6*q + 5*i + 2 = -2*q, -10 = -4*q + i. What is the remainder when 10 is divided by q?
1
Let n(o) = 5*o**2 - 7*o + 7. What is the remainder when n(4) is divided by 15?
14
Suppose -5*d = 12 + 8, 3*j - 173 = -d. Calculate the remainder when j is divided by 20.
19
Suppose 0 = 3*p - p - 6. Calculate the remainder when p is divided by 6 - 0 - (-3 - -7).
1
Calculate the remainder when 52 is divided by 2/5 - (-5 - 13/5).
4
Let p(a) be the third derivative of 5*a**4/12 - 7*a**3/6 + 6*a**2. What is the remainder when 91 is divided by p(3)?
22
Let b(m) = 5*m**3 - 3*m**2 + 5*m - 5. Let g be b(2). Let i = g - 23. What is the remainder when 38 is divided by i?
8
Suppose 3*u + 3*h = 54 + 6, -u + 2*h + 11 = 0. Calculate the remainder when u is divided by 12.
5
Let k(n) = -9*n - 13. Calculate the remainder when k(-7) is divided by 27.
23
Let i(g) = g - 6. Suppose b - 14 = -5. What is the remainder when b is divided by i(11)?
4
Suppose -b + 8 + 4 = 4*k, 0 = -2*b + 8. What is the remainder when k*2/((-6)/(-33)) is divided by 8?
6
Let l be (7/21)/(2/(-18)). Let p(u) = u**2. What is the remainder when 16 is divided by p(l)?
7
Let p(h) = -1 + 0*h**2 + h**2 - 2 + 6*h - 2*h**2. Let g be p(4). Suppose 0 = -0*r + g*r - 45. What is the remainder when r is divided by 3?
0
Let r(y) = 257*y**3 + y**2 + y - 1. Let n be r(1). Let u = n - 177. What is the remainder when u is divided by 21?
18
Let g be (-3)/(-12) + (-294)/(-8). Let s = 61 - g. Calculate the remainder when 46 is divided by s.
22
Let w be ((-10)/3)/((-4)/(-18)). Let y = 49 + w. Calculate the remainder when y is divided by 12.
10
Let x = 15 + -11. Suppose -3*r + x*r = o - 124, -5*r = 0. Suppose -3*s = -5*s + o. What is the remainder when s is divided by 21?
20
Let h be (-3*2 - -1) + 0. Let j(p) = 2*p + 7. Let s be j(h). Let b = 4 + s. Calculate the remainder when 2 is divided by b.
0
Suppose -3*m + 25 = 2*m. Let o = m + -2. Calculate the remainder when 8 is divided by o.
2
Let q be 3/(-3 + 1 - -3). What is the remainder when 30 is divided by (8/q + 1)*3?
8
Suppose -2*i = -7*i + 165. What is the remainder when i is divided by ((-6)/4)/((-1)/6)?
6
Let s = -226 + 238. Suppose 7*z - 3*i - 230 = 2*z, 4*i = 0. Calculate the remainder when z is divided by s.
10
Suppose 4*n = -3*y + 8, 3*n = y + 17 + 2. Suppose n*w = 7 + 13. Suppose -k = -2*u - 34, -2*k - w*u + 62 = k. What is the remainder when k is divided by 9?
8
Suppose 4*l = -48 + 208. Calculate the remainder when 115 is divided by l.
35
Let x(c) = -c + 8. Suppose 0 = 2*w - 5*r - 0*r - 7, 0 = -3*w - 5*r + 23. Suppose 5*v = w*v - 1. Calculate the remainder when x(6) is divided by v.
0
Let r(y) = y**3 + y**2 + y + 9. What is the remainder when r(0) is divided by (-2 + -9 - -5) + 12?
3
Let v = 15 - 12. Suppose 17 = v*c - 5*y, 5*c + 4*y + 66 - 156 = 0. Calculate the remainder when (-1479)/(-27) - 4/(-18) is divided by c.
13
Let u(p) = 2*p - 8. Let v be u(6). Let y = 10 - v. Let i = -15 - -26. Calculate the remainder when i is divided by y.
5
Let o = 3 + -1. Suppose 0 = u - 3*t - 4, 5*u - 4*t = -o*t - 6. Calculate the remainder when 10 is divided by (-11)/u - 1/(-2).
4
Let k be ((-1 - 0) + -1)*-1. Suppose 2*j - 3*v = -5*v + 92, 0 = -k*j + 4*v + 98. Calculate the remainder when j is divided by 16.
15
Let d(q) = 18*q - 4. Let n be 2 + 0/3 - -2. Suppose 21 = -n*p + 89. Calculate the remainder when d(3) is divided by p.
16
What is the remainder when 28 is divided by (-4)/3*(-105)/14?
8
What is the remainder when 65 - (-2 + 2)/4 is divided by 22?
21
Let g(a) = -4*a + 4. Let i = -5 + 16. Calculate the remainder when g(-4) is divided by i.
9
Let d be (-4)/((-2)/(-4) - 0). Let q = 9 + d. Calculate the remainder when 24 is divided by (3 + -2 + 8)/q.
6
Let l = -41 + 64. What is the remainder when 67 is divided by l?
21
Suppose 2*n + 13 = 189. Calculate the remainder when n is divided by 9.
7
Let m(o) = 7*o**3 + 5*o**2 - o - 1. Let b(d) = 6*d**3 + 4*d**2 - d. Let g(c) = 6*b(c) - 5*m(c). Calculate the remainder when 9 is divided by g(0).
4
Let k = -14 - -2. Let p = -7 - k. What is the remainder when 13 is divided by p?
3
Suppose 0 = 2*y - 46 + 2. Calculate the remainder when 400/y - (-4)/(-22) is divided by 10.
8
Suppose 5*v = -4*j + 36, -3*j - 4*v + 28 = -0*j. Suppose 2 - 6 = -j*p. Suppose -2*r - p = -23. Calculate the remainder when 19 is divided by r.
8
Suppose 13 = -4*l + 41. What is the remainder when 8 is divided by l?
1
Let m = -118 + 146. What is the remainder when m is divided by 0 - -1 - (-1 - 13)?
13
Suppose 3*n - 55 = 2*a, 0 = 5*n + 2*a + 3*a - 75. Suppose -n = -s + 6. What is the remainder when s is divided by 13?
10
Let o(s) = -s**3 + 6*s**2 + 7*s + 4. Let i be o(9). Let j be (-2)/(-6) + i/(-3). Let g = j - 33. Calculate the remainder when g is divided by 14.
12
Suppose 2*d = 16 - 6, -2*x + 3*d = 17. What is the remainder when 28 - (-2 - -2)/x is divided by 10?
8
Let a be -6 - (0/(-2) - 3). What is the remainder when (a + 3 - 0) + 58 is divided by 15?
13
Suppose -6*q + 2*q = -4. Let x be q*-2 - (-3 - 4). Suppose 0 = -b + 3*v + 9 + 10, -4*b - x*v + 93 = 0. Calculate the remainder when b is divided by 8.
6
Let o(l) = 22*l**2 - 3*l + 3. What is the remainder when o(2) is divided by 22?
19
Suppose 2*r + 7 = -1. Let y(p) = 2*p**2 + 4*p - 2. Calculate the remainder when 27 is divided by y(r).
13
Suppose -4*s + 36 + 12 = 0. What is the remainder when 18 is divided by -1*(-15)/s*4?
3
Suppose a = -9 + 23. Suppose -2*k - 208 = -4*x, -4*x + k + 232 = 5*k. What is the remainder when x is divided by a?
12
Suppose 2*h + 20 = 6*h. Suppose 0 = -q + h*q - 176. What is the remainder when q is divided by 16?
12
Let s(l) = -l**2 + l - 2. Let x be s(-4). Let a = -9 - x. What is the remainder when 37 is divided by a?
11
Suppose 4*i - 30 = -c, 5*i - 3*c - 37 = 9. Let x = 6 - i. Calculate the remainder when 1 is divided by x/(-5) - (-3)/5.
0
Suppose -3*k - 105 = -351. What is the remainder when k is divided by 29?
24
Suppose 34 = -v + 43. Calculate the remainder when 17 is divided by v.
8
Let a = -1 + 4. Let k(p) = 2 - a*p - 1 + p + 0. What is the remainder when 36 is divided by k(-6)?
10
Let h = -7 - -12. Suppose -3*m + h*u = -27, m - 2*u + 62 = 5*m. What is the remainder when 26 is divided by m?
12
Suppose 0 = -6*x - 0*x + 180. What is the remainder when x is divided by 8?
6
Let r = 27 + -14. What is the remainder when r is divided by 5?
3
Suppose 7*s - 2*s + 3*x = 56, 30 = 4*s - 5*x. Suppose 4*h